, k = m. What is the tens digit of z?
1
Let w(d) be the third derivative of 0*d + 0*d**5 + 1/20*d**6 + 1/6*d**3 - d**2 + 0 + 0*d**4. What is the units digit of w(1)?
7
Let m(k) = k**2 + 5*k - 3. Let c be m(-4). What is the units digit of (-37)/c + (-6)/21?
5
Let v(f) = 2*f**2. Let z be v(2). Let b be ((-20)/(-3))/(4/6). Suppose 2*o - z = b. What is the units digit of o?
9
Let t be (30/8)/(-5)*8. Let s = -3 - t. Suppose 0 = -s*q + 8*q - 45. What is the units digit of q?
9
Suppose 4*v - n - 15 = 2*v, 3*v + 3*n = 9. Suppose 0 = 5*b + 3*f - 148, f - 140 = -5*b + v*f. What is the tens digit of b?
2
What is the units digit of (10/4 + -3)/(1/(-34))?
7
Let k(p) be the second derivative of -5*p**3/6 - 2*p. What is the tens digit of k(-4)?
2
Let y(o) = o**2 + o**2 + 1 + 0*o**2 - 4 + 3*o. Let l be y(-3). Let g(v) = v**3 - 5*v**2 - 5*v - 3. What is the units digit of g(l)?
3
What is the units digit of (-160)/(-3) + 8/12?
4
What is the tens digit of (2/(-6) - -2)/(2/318)?
6
Suppose 0 = -3*a + 9. Suppose -a*t + 10 = -t. What is the units digit of t?
5
Let z be 3 - 1*1/(-1). What is the units digit of ((-22)/z)/(3/(-6))?
1
Let g be 25/(-20) - 2/(-8). What is the units digit of 5 - 1 - g/(-1)?
3
Let k be ((-3)/5)/((-3)/15). Suppose 0 = 2*w - 17 + k. Let d = w + -5. What is the units digit of d?
2
Let s be 0 + 3/1 + -3. What is the units digit of (7 + s)/(4 - 3)?
7
Suppose -m - m = 6. Let j = 1 - m. Suppose 0 = 5*l + 2*q - j, 4*q - 10 = l + 8*q. What is the units digit of l?
2
Let g(y) = y**3 + 9*y**2 + 9*y + 9. Let n be g(-8). Let b = n - -2. Suppose -16 = -c - b. What is the tens digit of c?
1
Let l = -2 - -7. What is the units digit of l?
5
Let a be 8 + 0/4 + -3. Suppose -c = -2*s - 22, -4*c + a*s = -0*s - 73. What is the tens digit of c?
1
Let x be 1*(-3)/3*-9. Let z be ((-110)/(-6))/(3/x). Suppose -5*w + 0*w + z = 0. What is the units digit of w?
1
Let b(s) = 25*s + 2. What is the tens digit of b(1)?
2
Let p be (-1)/(-3) + 11/3. Let h = p + -3. What is the units digit of h?
1
What is the units digit of 29/3*(3 - -3)?
8
Suppose -28 = -j - 3*j. Suppose -2*p + 5*b = -0*p - 29, -p - 5*b + j = 0. What is the tens digit of p?
1
Let k(x) be the second derivative of 1/12*x**4 + 1/2*x**3 + 1/2*x**2 + 4*x + 0. What is the units digit of k(-4)?
5
Let q(i) = -i**3 + i**2 + 10. Suppose 5*u = -5*f - 25, 4*f = 8*f - 4*u - 20. What is the units digit of q(f)?
0
Let j(a) = 2*a**2 - 13*a - 6. What is the units digit of j(7)?
1
Suppose -4*w = -0*w. Suppose w = -7*v + 3*v. Suppose v = -2*j + 4. What is the units digit of j?
2
Let u(p) = -9 + 0*p - 1 + 3*p. What is the units digit of u(9)?
7
Suppose -3*u + 6 = 36. What is the units digit of ((-6)/u)/(1/5)?
3
What is the units digit of ((-1)/(-1) - 2/4)*304?
2
Suppose 5*k = 5*j + 320, -2*j + 7*j - 3*k + 330 = 0. Let n = -45 - j. What is the units digit of n?
4
Let v = 356 - 151. What is the units digit of v?
5
Let i be -3 + 3/3 + -2. Let t(d) = -2*d**3 - 5*d**2 + 3*d. Let c be t(i). Let a = 50 - c. What is the tens digit of a?
1
Suppose -2*k + 46 + 38 = 0. What is the units digit of k?
2
Suppose -2 - 3 = -k. Suppose k*g + 3*l + 15 = 0, 0 = 6*g - g - l - 5. Suppose g = -2*r + 2*v + 18, 0 = -2*r - v + 3. What is the units digit of r?
4
Let g = -4 - -51. What is the units digit of g?
7
Suppose -9 = 3*k, -2*a = 2*a + 2*k + 30. Let w(u) = -3*u - 6. What is the tens digit of w(a)?
1
Let d be 2/(-1) + (-9 - -9). Suppose -3*y - 42 = -3*z, -y - 2 = 5*z - 54. What is the tens digit of z/((-2 - 0)/d)?
1
Suppose -c = -2*c - 6. Let h = 11 - c. What is the units digit of h?
7
Let b = -14 - -8. Let i = -29 - 16. What is the units digit of i/b*(-6)/(-9)?
5
Let m(f) = -f**3 - 4*f**2 + 5*f + 6. Let h be m(-5). Let b be 4/(-10) - 87/(-5). Let l = b - h. What is the tens digit of l?
1
Let h = 62 - 23. Suppose -4 + h = s. What is the tens digit of s?
3
Let o = -28 - -39. What is the units digit of o?
1
Suppose 0 = l - 7 + 6. Let h be (-1 + l - 1)*-4. Suppose 3*b = -b + h. What is the units digit of b?
1
Suppose 42 = 5*r + 2*k - 254, -5*r - 3*k + 299 = 0. What is the units digit of r?
8
Let k(a) be the second derivative of 7*a**3/6 - a**2/2 + a. Let z be -7 - -2 - 18/(-3). What is the units digit of k(z)?
6
Suppose -2*o + 3*o = 0. Suppose 2*k + 0*a - 2*a - 96 = o, -a = -4*k + 195. What is the units digit of k?
9
Suppose 2*w + 3*s - 16 = 0, -w - 2*s - 14 = -6*s. Suppose u + 68 = 3*h, 4*h + 2*u = -w*u + 80. What is the units digit of h?
2
Suppose 4*k = 5*u - 28 + 101, -3*k = -3*u - 57. Let z = -14 + k. What is the units digit of z?
8
Let k be (2 + -3)/(1/17). Let h = 25 + k. What is the units digit of h?
8
Suppose -g = 3*g - 8. Suppose 5*r + 6 = -4*v - g, -2*v - 4 = r. What is the units digit of (4 - -2)*(v + 3)?
6
Let g be (-1 - -2)/(1 - 0). Let l be ((-8)/(-20))/(g/35). Let v = l + 2. What is the units digit of v?
6
Let u = -2 - -6. Let g = 9 - u. Suppose -5*v + 5*q = -45, g*q + 2 - 9 = v. What is the tens digit of v?
1
Suppose -248 = k + 3*k. Let q = -31 - k. What is the tens digit of q?
3
What is the tens digit of (-30)/(-175)*10*63?
0
Suppose -2*z = -5*a + 258, 2*z - 125 + 33 = -2*a. What is the units digit of a?
0
Suppose -2*p + 12 = -0*p. Let h(m) = m - 4. What is the units digit of h(p)?
2
Let s = 4 + 8. What is the units digit of 2/(2/s*1)?
2
Let l(n) = n - 6. Let u be l(6). Let o be ((-18)/4 - -3)*-2. Let x = o - u. What is the units digit of x?
3
Let p = 4 - 4. What is the tens digit of (p - -1)/(6/78)?
1
Let h(n) = -3*n - 6. Let t be h(-3). Suppose -5*u = -t*u - 28. What is the tens digit of u?
1
Let q be -2 - (4/(-2) - 8). Let g = q - 5. What is the units digit of g?
3
Let j(u) = u**2 + u - 2. Let s be j(2). Suppose -b + s*z - 15 = -2*b, 2*z = -4*b + 60. What is the tens digit of b?
1
Let q(f) = -f**3 - 2*f**2 + f + 4. What is the tens digit of q(-3)?
1
Let i(m) = 3*m**3 - 11*m**2 + 7*m + 5. Let f(k) = -4*k**3 + 12*k**2 - 7*k - 5. Let d(s) = 4*f(s) + 5*i(s). What is the units digit of d(-8)?
3
Suppose -410 = -5*h + 40. Suppose -h = 3*x - 6*x. What is the units digit of x?
0
Let s = 20 + 0. What is the units digit of s?
0
Suppose 6*a - 4 = 2*a. Let l = a - -14. What is the units digit of l?
5
Let k = 29 - 17. Let f be (k/(-10))/((-6)/45). What is the tens digit of f - 1/((-3)/9)?
1
Suppose -4*c + 2*n = -28, 2*c = -5*n - 2 + 4. Suppose -c - 11 = -p. What is the tens digit of p?
1
Let d(u) = 0*u + 1 - 7*u - 8 - u**2. Let v = 40 + -45. What is the units digit of d(v)?
3
Suppose 29*s = 24*s + 120. What is the tens digit of s?
2
What is the tens digit of ((-66)/11)/((-2)/74)?
2
Let f(q) = 10*q**2 + 8*q + 19. What is the tens digit of f(-3)?
8
Let p(d) = -d**3 - 10*d**2 - 1. Let a be p(-10). Let n = 3 + a. Suppose -n*z + 3*k + 29 = 0, 5*z + 2*k = 3*k + 40. What is the units digit of z?
7
Suppose 5*u + 43 = 2*v - 13, 4*v = u + 76. Suppose -q + v = 2*q. What is the units digit of q?
6
Let v = 3 - 3. Suppose 0*g - g + 4 = v. What is the units digit of g?
4
Let p = 12 + -31. Let j = p + 34. What is the units digit of j?
5
Let p(o) = -3 - 3 + 45*o**2 + 5 - 3*o. What is the tens digit of p(-1)?
4
Suppose 33 = 5*w + 4*y, 4*w - 5*y = -2*y + 14. Suppose 2*a + 0*a = w*t - 30, a + 6 = t. What is the units digit of t + (-3)/(-3)*-1?
5
Suppose -90 = -3*d - 2*d. Suppose -n - d = n. Let y = 23 + n. What is the units digit of y?
4
Suppose 3*r - 7 = 170. What is the units digit of r?
9
Let v = -120 + 179. What is the units digit of v?
9
Let k(c) = -5*c + 2. Let i be ((-6)/4)/(3/4). Let l be k(i). Let n = l + -7. What is the units digit of n?
5
Let a = -34 + 66. What is the units digit of a?
2
Suppose f = 3*f - 4. Suppose -3*j + f + 0 = c, -c = 2*j - 2. Suppose -5*s + 4 + 6 = j. What is the units digit of s?
2
Let x = 39 - 33. What is the units digit of x?
6
Let q(p) = -3*p**3 - 3*p**2 + p + 13. Let u(x) = -x**3 - x**2 + 4. Let k(j) = -2*q(j) + 7*u(j). Let f be k(2). Let t = -2 - f. What is the units digit of t?
2
Let x(i) = -i - 1. Let d be x(-6). Suppose 2*f = g + g - 12, 2*g - 12 = d*f. What is the units digit of g?
6
What is the tens digit of (-7)/((-35)/10)*454/4?
2
What is the tens digit of 11/((-165)/6) - 352/(-5)?
7
Let o(z) = z - 1. Let t be o(1). Suppose -p + 3*k + 15 = 0, 4*p + 5*k + 0*k = 9. Let x = t + p. What is the units digit of x?
6
Suppose